{"id":52,"date":"2018-12-17T15:55:47","date_gmt":"2018-12-17T14:55:47","guid":{"rendered":"http:\/\/www.ferienhof-fenzl.de\/?page_id=52"},"modified":"2026-02-06T11:45:54","modified_gmt":"2026-02-06T10:45:54","slug":"1-zimmerappartement","status":"publish","type":"page","link":"https:\/\/www.ferienhof-fenzl.de\/index.php\/1-zimmerappartement\/","title":{"rendered":"1 Zimmerappartement im 1.Stock und 2. Stock"},"content":{"rendered":"<p><img loading=\"lazy\" decoding=\"async\" class=\"alignright wp-image-2619\" src=\"http:\/\/www.ferienhof-fenzl.de\/wp-content\/uploads\/2026\/02\/2026-1-300x76.png\" alt=\"\" width=\"250\" height=\"63\" srcset=\"https:\/\/www.ferienhof-fenzl.de\/wp-content\/uploads\/2026\/02\/2026-1-300x76.png 300w, https:\/\/www.ferienhof-fenzl.de\/wp-content\/uploads\/2026\/02\/2026-1-1024x259.png 1024w, https:\/\/www.ferienhof-fenzl.de\/wp-content\/uploads\/2026\/02\/2026-1-768x195.png 768w, https:\/\/www.ferienhof-fenzl.de\/wp-content\/uploads\/2026\/02\/2026-1.png 1216w\" sizes=\"(max-width: 250px) 100vw, 250px\" \/><\/p>\n<h2>38qm zum Erholen und Entspannen<\/h2>\n<p style=\"text-align: left;\"><span style=\"color: #000000;\">Ob Sommer oder Winter &#8211; wir haben das ganze Jahr Saison.<\/span><\/p>\n<p style=\"text-align: left;\"><span style=\"color: #000000;\">Sie werden sich gleich wohlf\u00fchlen.<\/span><\/p>\n<p style=\"text-align: left;\"><span style=\"color: #000000;\">Unsere Ferienwohnungen sind liebevoll im l\u00e4ndlichen Stil eingerichtet.<\/span><br \/><span style=\"color: #000000;\">Die Zimmer sind ger\u00e4umig, hell und gro\u00dfz\u00fcgig mit\/ohne Balkon nach S\u00fcdwesten ausgestattet.<\/span><\/p>\n<div align=\"left\"><span style=\"color: #000000;\"><div id=\"metaslider-id-2124\" style=\"max-width: 400px;\" class=\"ml-slider-3-50-0 metaslider metaslider-flex metaslider-2124 ml-slider ms-theme-default\" role=\"region\" aria-roledescription=\"Slideshow\" aria-label=\"1 zimmer\">\n    <div id=\"metaslider_container_2124\">\n        <div id=\"metaslider_2124\">\n            <ul aria-live=\"polite\" class=\"slides\">\n                <li style=\"display: block; width: 100%;\" class=\"slide-2334 ms-image\" aria-roledescription=\"slide\" aria-label=\"slide-2334\"><img loading=\"lazy\" decoding=\"async\" width=\"2507\" height=\"1800\" src=\"https:\/\/www.ferienhof-fenzl.de\/wp-content\/uploads\/2022\/10\/IMG_20220705_134750.jpg\" class=\"slider-2124 slide-2334\" alt=\"\" rel=\"\" title=\"IMG_20220705_134750\" srcset=\"https:\/\/www.ferienhof-fenzl.de\/wp-content\/uploads\/2022\/10\/IMG_20220705_134750.jpg 2507w, https:\/\/www.ferienhof-fenzl.de\/wp-content\/uploads\/2022\/10\/IMG_20220705_134750-300x215.jpg 300w, https:\/\/www.ferienhof-fenzl.de\/wp-content\/uploads\/2022\/10\/IMG_20220705_134750-1024x735.jpg 1024w, https:\/\/www.ferienhof-fenzl.de\/wp-content\/uploads\/2022\/10\/IMG_20220705_134750-768x551.jpg 768w, https:\/\/www.ferienhof-fenzl.de\/wp-content\/uploads\/2022\/10\/IMG_20220705_134750-1536x1103.jpg 1536w, https:\/\/www.ferienhof-fenzl.de\/wp-content\/uploads\/2022\/10\/IMG_20220705_134750-2048x1470.jpg 2048w\" sizes=\"(max-width: 2507px) 100vw, 2507px\" \/><div class=\"caption-wrap\"><div class=\"caption\">Appartement 1. Stock<\/div><\/div><\/li>\n                <li style=\"display: none; width: 100%;\" class=\"slide-2615 ms-image\" aria-roledescription=\"slide\" aria-label=\"slide-2615\"><img loading=\"lazy\" decoding=\"async\" width=\"2560\" height=\"1440\" src=\"https:\/\/www.ferienhof-fenzl.de\/wp-content\/uploads\/2025\/08\/IMG_20250505_091531-scaled.jpg\" class=\"slider-2124 slide-2615\" alt=\"\" rel=\"\" title=\"IMG_20250505_091531\" srcset=\"https:\/\/www.ferienhof-fenzl.de\/wp-content\/uploads\/2025\/08\/IMG_20250505_091531-scaled.jpg 2560w, https:\/\/www.ferienhof-fenzl.de\/wp-content\/uploads\/2025\/08\/IMG_20250505_091531-300x169.jpg 300w, https:\/\/www.ferienhof-fenzl.de\/wp-content\/uploads\/2025\/08\/IMG_20250505_091531-1024x576.jpg 1024w, https:\/\/www.ferienhof-fenzl.de\/wp-content\/uploads\/2025\/08\/IMG_20250505_091531-768x432.jpg 768w, https:\/\/www.ferienhof-fenzl.de\/wp-content\/uploads\/2025\/08\/IMG_20250505_091531-1536x864.jpg 1536w, https:\/\/www.ferienhof-fenzl.de\/wp-content\/uploads\/2025\/08\/IMG_20250505_091531-2048x1152.jpg 2048w\" sizes=\"(max-width: 2560px) 100vw, 2560px\" \/><div class=\"caption-wrap\"><div class=\"caption\">Appartement\n1. Stock<\/div><\/div><\/li>\n                <li style=\"display: none; width: 100%;\" class=\"slide-2336 ms-image\" aria-roledescription=\"slide\" aria-label=\"slide-2336\"><img loading=\"lazy\" decoding=\"async\" width=\"2560\" height=\"1440\" src=\"https:\/\/www.ferienhof-fenzl.de\/wp-content\/uploads\/2022\/10\/IMG_20220705_134501-scaled.jpg\" class=\"slider-2124 slide-2336\" alt=\"\" rel=\"\" title=\"IMG_20220705_134501\" srcset=\"https:\/\/www.ferienhof-fenzl.de\/wp-content\/uploads\/2022\/10\/IMG_20220705_134501-scaled.jpg 2560w, https:\/\/www.ferienhof-fenzl.de\/wp-content\/uploads\/2022\/10\/IMG_20220705_134501-300x169.jpg 300w, https:\/\/www.ferienhof-fenzl.de\/wp-content\/uploads\/2022\/10\/IMG_20220705_134501-1024x576.jpg 1024w, https:\/\/www.ferienhof-fenzl.de\/wp-content\/uploads\/2022\/10\/IMG_20220705_134501-768x432.jpg 768w, https:\/\/www.ferienhof-fenzl.de\/wp-content\/uploads\/2022\/10\/IMG_20220705_134501-1536x864.jpg 1536w, https:\/\/www.ferienhof-fenzl.de\/wp-content\/uploads\/2022\/10\/IMG_20220705_134501-2048x1152.jpg 2048w\" sizes=\"(max-width: 2560px) 100vw, 2560px\" \/><div class=\"caption-wrap\"><div class=\"caption\">Appartement 1. Stock<\/div><\/div><\/li>\n                <li style=\"display: none; width: 100%;\" class=\"slide-2338 ms-image\" aria-roledescription=\"slide\" aria-label=\"slide-2338\"><img loading=\"lazy\" decoding=\"async\" width=\"2560\" height=\"1595\" src=\"https:\/\/www.ferienhof-fenzl.de\/wp-content\/uploads\/2022\/10\/IMG_20220705_134445-scaled.jpg\" class=\"slider-2124 slide-2338\" alt=\"\" rel=\"\" title=\"IMG_20220705_134445\" srcset=\"https:\/\/www.ferienhof-fenzl.de\/wp-content\/uploads\/2022\/10\/IMG_20220705_134445-scaled.jpg 2560w, https:\/\/www.ferienhof-fenzl.de\/wp-content\/uploads\/2022\/10\/IMG_20220705_134445-300x187.jpg 300w, https:\/\/www.ferienhof-fenzl.de\/wp-content\/uploads\/2022\/10\/IMG_20220705_134445-1024x638.jpg 1024w, https:\/\/www.ferienhof-fenzl.de\/wp-content\/uploads\/2022\/10\/IMG_20220705_134445-768x479.jpg 768w, https:\/\/www.ferienhof-fenzl.de\/wp-content\/uploads\/2022\/10\/IMG_20220705_134445-1536x957.jpg 1536w, https:\/\/www.ferienhof-fenzl.de\/wp-content\/uploads\/2022\/10\/IMG_20220705_134445-2048x1276.jpg 2048w, https:\/\/www.ferienhof-fenzl.de\/wp-content\/uploads\/2022\/10\/IMG_20220705_134445-480x300.jpg 480w, https:\/\/www.ferienhof-fenzl.de\/wp-content\/uploads\/2022\/10\/IMG_20220705_134445-640x400.jpg 640w\" sizes=\"(max-width: 2560px) 100vw, 2560px\" \/><div class=\"caption-wrap\"><div class=\"caption\">Appartement 1. Stock<\/div><\/div><\/li>\n                <li style=\"display: none; width: 100%;\" class=\"slide-2341 ms-image\" aria-roledescription=\"slide\" aria-label=\"slide-2341\"><img loading=\"lazy\" decoding=\"async\" width=\"2348\" height=\"1800\" src=\"https:\/\/www.ferienhof-fenzl.de\/wp-content\/uploads\/2022\/10\/IMG_20220705_134647.jpg\" class=\"slider-2124 slide-2341\" alt=\"\" rel=\"\" title=\"IMG_20220705_134647\" srcset=\"https:\/\/www.ferienhof-fenzl.de\/wp-content\/uploads\/2022\/10\/IMG_20220705_134647.jpg 2348w, https:\/\/www.ferienhof-fenzl.de\/wp-content\/uploads\/2022\/10\/IMG_20220705_134647-300x230.jpg 300w, https:\/\/www.ferienhof-fenzl.de\/wp-content\/uploads\/2022\/10\/IMG_20220705_134647-1024x785.jpg 1024w, https:\/\/www.ferienhof-fenzl.de\/wp-content\/uploads\/2022\/10\/IMG_20220705_134647-768x589.jpg 768w, https:\/\/www.ferienhof-fenzl.de\/wp-content\/uploads\/2022\/10\/IMG_20220705_134647-1536x1178.jpg 1536w, https:\/\/www.ferienhof-fenzl.de\/wp-content\/uploads\/2022\/10\/IMG_20220705_134647-2048x1570.jpg 2048w\" sizes=\"(max-width: 2348px) 100vw, 2348px\" \/><div class=\"caption-wrap\"><div class=\"caption\">Appartement 1. Stock<\/div><\/div><\/li>\n                <li style=\"display: none; width: 100%;\" class=\"slide-2469 ms-image\" aria-roledescription=\"slide\" aria-label=\"slide-2469\"><img loading=\"lazy\" decoding=\"async\" width=\"2560\" height=\"1440\" src=\"https:\/\/www.ferienhof-fenzl.de\/wp-content\/uploads\/2022\/10\/IMG_20220926_122820-scaled.jpg\" class=\"slider-2124 slide-2469\" alt=\"\" rel=\"\" title=\"IMG_20220926_122820\" srcset=\"https:\/\/www.ferienhof-fenzl.de\/wp-content\/uploads\/2022\/10\/IMG_20220926_122820-scaled.jpg 2560w, https:\/\/www.ferienhof-fenzl.de\/wp-content\/uploads\/2022\/10\/IMG_20220926_122820-300x169.jpg 300w, https:\/\/www.ferienhof-fenzl.de\/wp-content\/uploads\/2022\/10\/IMG_20220926_122820-1024x576.jpg 1024w, https:\/\/www.ferienhof-fenzl.de\/wp-content\/uploads\/2022\/10\/IMG_20220926_122820-768x432.jpg 768w, https:\/\/www.ferienhof-fenzl.de\/wp-content\/uploads\/2022\/10\/IMG_20220926_122820-1536x864.jpg 1536w, https:\/\/www.ferienhof-fenzl.de\/wp-content\/uploads\/2022\/10\/IMG_20220926_122820-2048x1152.jpg 2048w\" sizes=\"(max-width: 2560px) 100vw, 2560px\" \/><div class=\"caption-wrap\"><div class=\"caption\">Appartement 2. Stock<\/div><\/div><\/li>\n                <li style=\"display: none; width: 100%;\" class=\"slide-2125 ms-image\" aria-roledescription=\"slide\" aria-label=\"slide-2125\"><img loading=\"lazy\" decoding=\"async\" width=\"2560\" height=\"1440\" src=\"https:\/\/www.ferienhof-fenzl.de\/wp-content\/uploads\/2022\/10\/IMG_20220926_122912-scaled.jpg\" class=\"slider-2124 slide-2125\" alt=\"\" rel=\"\" title=\"IMG_20220926_122912\" srcset=\"https:\/\/www.ferienhof-fenzl.de\/wp-content\/uploads\/2022\/10\/IMG_20220926_122912-scaled.jpg 2560w, https:\/\/www.ferienhof-fenzl.de\/wp-content\/uploads\/2022\/10\/IMG_20220926_122912-300x169.jpg 300w, https:\/\/www.ferienhof-fenzl.de\/wp-content\/uploads\/2022\/10\/IMG_20220926_122912-1024x576.jpg 1024w, https:\/\/www.ferienhof-fenzl.de\/wp-content\/uploads\/2022\/10\/IMG_20220926_122912-768x432.jpg 768w, https:\/\/www.ferienhof-fenzl.de\/wp-content\/uploads\/2022\/10\/IMG_20220926_122912-1536x864.jpg 1536w, https:\/\/www.ferienhof-fenzl.de\/wp-content\/uploads\/2022\/10\/IMG_20220926_122912-2048x1152.jpg 2048w\" sizes=\"(max-width: 2560px) 100vw, 2560px\" \/><div class=\"caption-wrap\"><div class=\"caption\">Appartement 2. Stock<\/div><\/div><\/li>\n                <li style=\"display: none; width: 100%;\" class=\"slide-2126 ms-image\" aria-roledescription=\"slide\" aria-label=\"slide-2126\"><img loading=\"lazy\" decoding=\"async\" width=\"2560\" height=\"1440\" src=\"https:\/\/www.ferienhof-fenzl.de\/wp-content\/uploads\/2022\/10\/IMG_20220926_122713-scaled.jpg\" class=\"slider-2124 slide-2126\" alt=\"\" rel=\"\" title=\"IMG_20220926_122713\" srcset=\"https:\/\/www.ferienhof-fenzl.de\/wp-content\/uploads\/2022\/10\/IMG_20220926_122713-scaled.jpg 2560w, https:\/\/www.ferienhof-fenzl.de\/wp-content\/uploads\/2022\/10\/IMG_20220926_122713-300x169.jpg 300w, https:\/\/www.ferienhof-fenzl.de\/wp-content\/uploads\/2022\/10\/IMG_20220926_122713-1024x576.jpg 1024w, https:\/\/www.ferienhof-fenzl.de\/wp-content\/uploads\/2022\/10\/IMG_20220926_122713-768x432.jpg 768w, https:\/\/www.ferienhof-fenzl.de\/wp-content\/uploads\/2022\/10\/IMG_20220926_122713-1536x864.jpg 1536w, https:\/\/www.ferienhof-fenzl.de\/wp-content\/uploads\/2022\/10\/IMG_20220926_122713-2048x1152.jpg 2048w\" sizes=\"(max-width: 2560px) 100vw, 2560px\" \/><div class=\"caption-wrap\"><div class=\"caption\">Appartement 2. Stock<\/div><\/div><\/li>\n                <li style=\"display: none; width: 100%;\" class=\"slide-2127 ms-image\" aria-roledescription=\"slide\" aria-label=\"slide-2127\"><img loading=\"lazy\" decoding=\"async\" width=\"2560\" height=\"1440\" src=\"https:\/\/www.ferienhof-fenzl.de\/wp-content\/uploads\/2022\/10\/IMG_20220926_122740-scaled.jpg\" class=\"slider-2124 slide-2127\" alt=\"\" rel=\"\" title=\"IMG_20220926_122740\" srcset=\"https:\/\/www.ferienhof-fenzl.de\/wp-content\/uploads\/2022\/10\/IMG_20220926_122740-scaled.jpg 2560w, https:\/\/www.ferienhof-fenzl.de\/wp-content\/uploads\/2022\/10\/IMG_20220926_122740-300x169.jpg 300w, https:\/\/www.ferienhof-fenzl.de\/wp-content\/uploads\/2022\/10\/IMG_20220926_122740-1024x576.jpg 1024w, https:\/\/www.ferienhof-fenzl.de\/wp-content\/uploads\/2022\/10\/IMG_20220926_122740-768x432.jpg 768w, https:\/\/www.ferienhof-fenzl.de\/wp-content\/uploads\/2022\/10\/IMG_20220926_122740-1536x864.jpg 1536w, https:\/\/www.ferienhof-fenzl.de\/wp-content\/uploads\/2022\/10\/IMG_20220926_122740-2048x1152.jpg 2048w\" sizes=\"(max-width: 2560px) 100vw, 2560px\" \/><div class=\"caption-wrap\"><div class=\"caption\">Appartement 2. Stock<\/div><\/div><\/li>\n                <li style=\"display: none; width: 100%;\" class=\"slide-2128 ms-image\" aria-roledescription=\"slide\" aria-label=\"slide-2128\"><img loading=\"lazy\" decoding=\"async\" width=\"2560\" height=\"1440\" src=\"https:\/\/www.ferienhof-fenzl.de\/wp-content\/uploads\/2022\/10\/IMG_20220926_122942-scaled.jpg\" class=\"slider-2124 slide-2128\" alt=\"\" rel=\"\" title=\"IMG_20220926_122942\" srcset=\"https:\/\/www.ferienhof-fenzl.de\/wp-content\/uploads\/2022\/10\/IMG_20220926_122942-scaled.jpg 2560w, https:\/\/www.ferienhof-fenzl.de\/wp-content\/uploads\/2022\/10\/IMG_20220926_122942-300x169.jpg 300w, https:\/\/www.ferienhof-fenzl.de\/wp-content\/uploads\/2022\/10\/IMG_20220926_122942-1024x576.jpg 1024w, https:\/\/www.ferienhof-fenzl.de\/wp-content\/uploads\/2022\/10\/IMG_20220926_122942-768x432.jpg 768w, https:\/\/www.ferienhof-fenzl.de\/wp-content\/uploads\/2022\/10\/IMG_20220926_122942-1536x864.jpg 1536w, https:\/\/www.ferienhof-fenzl.de\/wp-content\/uploads\/2022\/10\/IMG_20220926_122942-2048x1152.jpg 2048w\" sizes=\"(max-width: 2560px) 100vw, 2560px\" \/><div class=\"caption-wrap\"><div class=\"caption\">Appartement 2. Stock<\/div><\/div><\/li>\n            <\/ul>\n        <\/div>\n        \n    <\/div>\n<\/div><\/span><\/div>\n<p><span style=\"color: #000000;\">Eine voll ausgestattete K\u00fcche enth\u00e4lt alles was Sie zur Selbstversorgung brauchen.<\/span><br \/><span style=\"color: #000000;\">Kochfeld, Kaffeemaschine, Wasserkocher, Toaster, Mikrowelle, K\u00fchlschrank mit Gefrierfach.<\/span><\/p>\n<p><span style=\"color: #000000;\">Das Bad ist mit Dusche, WC, F\u00f6hn, Kosmetikspiegel ausgestattet.<\/span><\/p>\n<p><span style=\"color: #000000;\">Bettw\u00e4sche, Handt\u00fccher und Geschirrt\u00fccher werden gestellt.<\/span><\/p>\n<p><span style=\"color: #000000;\">Zwischenreinigung, wenn erw\u00fcnscht nach Absprache.<\/span><\/p>\n<p><span style=\"color: #000000;\">Parkpl\u00e4tze direkt vor dem Haus, Fahrradunterstellpl\u00e4tze, Waschmaschine im Haus, Flachbildschirm mit Sat.-Anschluss, DAB Radio, Getr\u00e4nke- und Br\u00f6tchenservice<\/span><span style=\"color: #000000;\">, Internetzugang kostenlos mit W-Lan.<\/span><\/p>\n<p><span style=\"color: #000000;\">Profitieren Sie von der herrlichen ruhigen Lage und von den kurzen Wegen zu den Thermen und Ausflugszielen.<\/span><\/p>\n<p><span style=\"color: #000000;\">Alle unsere Appartements sind\u00a0<strong>NICHTRAUCHER<\/strong>\u00a0Appartements.<\/span><\/p>\n<p><span style=\"color: #000000;\">Bei uns bezahlen Sie keine K U R T A X E<\/span><\/p>\n<p style=\"text-align: center;\">\u00a0<\/p>\n\n\n<div class=\"wp-block-group alignfull is-layout-flow wp-block-group-is-layout-flow\"><div class=\"wp-block-group__inner-container\">\n<div class=\"wp-block-columns alignfull is-layout-flex wp-container-core-columns-layout-1 wp-block-columns-is-layout-flex\">\n<div class=\"wp-block-column is-layout-flow wp-block-column-is-layout-flow\" style=\"flex-basis:100%\">\n<p class=\"has-text-align-center has-black-color has-text-color has-background\" style=\"background-color:#63a850\">Josef Putz &#8211; B\u00e4rnau 2 &#8211; 94060 Pocking<br>Tel.: +49 (0) 8538 &#8211; 658 oder +49 (0) 8538 &#8211; 9124326<br>e-Mail: putz-alois@t-online.de &#8211; Web: www.ferienhof-fenzl.de<\/p>\n<\/div>\n<\/div>\n<\/div><\/div>\n\n\n\n<p><\/p>\n","protected":false},"excerpt":{"rendered":"<p>38qm zum Erholen und Entspannen Ob Sommer oder Winter &#8211; wir haben das ganze Jahr Saison. Sie werden sich gleich wohlf\u00fchlen. Unsere Ferienwohnungen sind liebevoll im l\u00e4ndlichen Stil eingerichtet.Die Zimmer &#8230;<\/p>\n","protected":false},"author":1,"featured_media":0,"parent":0,"menu_order":0,"comment_status":"closed","ping_status":"closed","template":"","meta":{"footnotes":""},"_links":{"self":[{"href":"https:\/\/www.ferienhof-fenzl.de\/index.php\/wp-json\/wp\/v2\/pages\/52"}],"collection":[{"href":"https:\/\/www.ferienhof-fenzl.de\/index.php\/wp-json\/wp\/v2\/pages"}],"about":[{"href":"https:\/\/www.ferienhof-fenzl.de\/index.php\/wp-json\/wp\/v2\/types\/page"}],"author":[{"embeddable":true,"href":"https:\/\/www.ferienhof-fenzl.de\/index.php\/wp-json\/wp\/v2\/users\/1"}],"replies":[{"embeddable":true,"href":"https:\/\/www.ferienhof-fenzl.de\/index.php\/wp-json\/wp\/v2\/comments?post=52"}],"version-history":[{"count":48,"href":"https:\/\/www.ferienhof-fenzl.de\/index.php\/wp-json\/wp\/v2\/pages\/52\/revisions"}],"predecessor-version":[{"id":2620,"href":"https:\/\/www.ferienhof-fenzl.de\/index.php\/wp-json\/wp\/v2\/pages\/52\/revisions\/2620"}],"wp:attachment":[{"href":"https:\/\/www.ferienhof-fenzl.de\/index.php\/wp-json\/wp\/v2\/media?parent=52"}],"curies":[{"name":"wp","href":"https:\/\/api.w.org\/{rel}","templated":true}]}}