{"id":5,"date":"2018-12-05T17:53:19","date_gmt":"2018-12-05T16:53:19","guid":{"rendered":"http:\/\/www.ferienhof-fenzl.de\/?page_id=5"},"modified":"2024-03-16T13:39:15","modified_gmt":"2024-03-16T12:39:15","slug":"startseite","status":"publish","type":"page","link":"https:\/\/www.ferienhof-fenzl.de\/index.php\/startseite\/","title":{"rendered":"\u00dcber uns"},"content":{"rendered":"\n<div class=\"wp-block-columns is-layout-flex wp-container-core-columns-layout-1 wp-block-columns-is-layout-flex\">\n<div class=\"wp-block-column is-layout-flow wp-block-column-is-layout-flow\" style=\"flex-basis:100%\"><\/div>\n<\/div>\n\n\n<h2 style=\"text-align: center;\"><strong>Ihr Ferienhof im Herzen des Rottals<\/strong><\/h2>\n<h2 style=\"text-align: center;\"><strong>Naturerlebnis Bauernhof<\/strong><\/h2>\n<p style=\"text-align: center;\"><span style=\"color: #000000;\"><em>Nur 7 km von dem bekannten Kurort Bad F\u00fcssing entfernt.<\/em><\/span><\/p>\n<h2 style=\"text-align: center;\"><span style=\"color: #000000;\">L\u00e4ndliches Leben zum Anfassen!<\/span><\/h2>\n<p style=\"text-align: center;\"><span style=\"color: #000000;\">Umgeben von Wiesen, \u00c4ckern, Auw\u00e4ldern und Teichen liegt unser traditioneller Bauernhof im Vogelschutzgebiet am Unteren Inn, direkt am Inntal-Radwanderweg, ein Paradies zum Radfahren und Spazierengehen.<\/span><\/p>\n<p style=\"text-align: center;\"><span style=\"color: #000000;\">Unser Haus wird seit 2015 klimaneutral mit Hackschnitzel beheizt.<\/span><\/p>\n<p style=\"text-align: center;\"><span style=\"color: #000000;\">3 Wohnungen im Erdgeschoss sind barrierefrei f\u00fcr Rollstuhlfahrer geeignet.<\/span><\/p>\n<p style=\"text-align: center;\"><span style=\"color: #000000;\">Auf unserem Hof bringen Schweine, Pferde, H\u00fchner und Katzen Leben in die Idylle.<\/span><\/p>\n<p style=\"text-align: center;\"><span style=\"color: #000000;\">F\u00fcr Ihre Kinder wird der Umgang mit den Tieren auf unserem Ferienhof zu einem unvergesslichen Erlebnis werden.<\/span><\/p>\n<p style=\"text-align: center;\"><span style=\"color: #000000;\">Ankommen und sich Wohlf\u00fchlen, das w\u00fcnschen wir unseren G\u00e4sten!<\/span><\/p>\n<p style=\"text-align: center;\"><span style=\"color: #000000;\">Bei uns bezahlen Sie <strong>keine Kurtaxe<\/strong>!<\/span><\/p>\n<p style=\"text-align: center;\"><span style=\"color: #000000;\">Ihre Familie Putz<\/span><\/p>\n<div id=\"aboutus\">\u00a0<\/div>\n<h2 class=\"PostHeaderIcon-wrapper\" style=\"text-align: center;\"><span style=\"color: #000000;\">\u00dcber Uns<\/span><\/h2>\n<div class=\"PostMetadataHeader\" style=\"text-align: center;\">\u00a0<\/div>\n<div class=\"PostContent\" style=\"text-align: center;\">\n<p><span style=\"color: #000000;\">Die urgem\u00fctliche Atmosph\u00e4re auf unserem voll bewirtschafteten Ferienhof Fenzl und die Naturn\u00e4he unserer abwechslungsreichen Aulandschaft laden ein zum Radfahren, Wandern und Erholen.<\/span><\/p>\n<p><span style=\"color: #000000;\">Entspannen Sie also in ruhiger famili\u00e4rer Atmosph\u00e4re und genie\u00dfen Sie Ihren Kururlaub oder Ihre Ferien auf dem Bauernhof.<\/span><\/p>\n<center><span style=\"color: #000000;\"><div id=\"metaslider-id-1533\" style=\"max-width: 500px;\" class=\"ml-slider-3-50-0 metaslider metaslider-flex metaslider-1533 ml-slider ms-theme-default\" role=\"region\" aria-roledescription=\"Slideshow\" aria-label=\"ueber uns\">\n    <div id=\"metaslider_container_1533\">\n        <div id=\"metaslider_1533\">\n            <ul aria-live=\"polite\" class=\"slides\">\n                <li style=\"display: block; width: 100%;\" class=\"slide-1756 ms-image\" aria-roledescription=\"slide\" aria-label=\"slide-1756\"><img loading=\"lazy\" decoding=\"async\" src=\"https:\/\/www.ferienhof-fenzl.de\/wp-content\/uploads\/2019\/04\/A\u030aber-uns-40-500x300.jpg\" height=\"300\" width=\"500\" alt=\"\" class=\"slider-1533 slide-1756\" title=\"A\u030aber uns (40)\" \/><\/li>\n                <li style=\"display: none; width: 100%;\" class=\"slide-1757 ms-image\" aria-roledescription=\"slide\" aria-label=\"slide-1757\"><img loading=\"lazy\" decoding=\"async\" src=\"https:\/\/www.ferienhof-fenzl.de\/wp-content\/uploads\/2019\/04\/A\u030aber-uns-32-min-500x300.jpg\" height=\"300\" width=\"500\" alt=\"\" class=\"slider-1533 slide-1757\" title=\"A\u030aber uns (32)-min\" \/><\/li>\n                <li style=\"display: none; width: 100%;\" class=\"slide-1759 ms-image\" aria-roledescription=\"slide\" aria-label=\"slide-1759\"><img loading=\"lazy\" decoding=\"async\" src=\"https:\/\/www.ferienhof-fenzl.de\/wp-content\/uploads\/2019\/04\/A\u030aber-uns-24-500x300.jpg\" height=\"300\" width=\"500\" alt=\"\" class=\"slider-1533 slide-1759\" title=\"A\u030aber uns (24)\" \/><\/li>\n                <li style=\"display: none; width: 100%;\" class=\"slide-1761 ms-image\" aria-roledescription=\"slide\" aria-label=\"slide-1761\"><img loading=\"lazy\" decoding=\"async\" src=\"https:\/\/www.ferienhof-fenzl.de\/wp-content\/uploads\/2019\/04\/A\u030aber-uns-38-500x300.jpg\" height=\"300\" width=\"500\" alt=\"\" class=\"slider-1533 slide-1761\" title=\"A\u030aber uns (38)\" \/><\/li>\n            <\/ul>\n        <\/div>\n        \n    <\/div>\n<\/div><\/span><\/center><\/div>\n<h2 style=\"text-align: center;\"><span style=\"color: #000000;\">Ferien auf dem Bauernhof &#8211;<\/span><br \/><span style=\"color: #000000;\">ein Erlebnis f\u00fcr die ganze Familie.<\/span><\/h2>\n<p style=\"text-align: center;\"><span style=\"color: #000000;\">Entschwinden Sie dem Alltag und verbringen Sie unvergessliche Tage mit Ihrer Familie bei uns auf dem Ferienhof Fenzl.<\/span><\/p>\n\n\n<div class=\"wp-block-group alignfull is-layout-flow wp-block-group-is-layout-flow\"><div class=\"wp-block-group__inner-container\">\n<div class=\"wp-block-columns alignfull has-black-color has-text-color is-layout-flex wp-container-core-columns-layout-4 wp-block-columns-is-layout-flex\">\n<div class=\"wp-block-column is-layout-flow wp-block-column-is-layout-flow\" style=\"flex-basis:100%\">\n<div class=\"wp-block-columns alignfull is-layout-flex wp-container-core-columns-layout-3 wp-block-columns-is-layout-flex\">\n<div class=\"wp-block-column is-layout-flow wp-block-column-is-layout-flow\" style=\"flex-basis:100%\">\n<div class=\"wp-block-columns is-layout-flex wp-container-core-columns-layout-2 wp-block-columns-is-layout-flex\">\n<div class=\"wp-block-column is-layout-flow wp-block-column-is-layout-flow\" style=\"flex-basis:100%\">\n<p class=\"has-text-align-center has-black-color has-text-color has-background\" style=\"background-color:#63a850\">Josef Putz &#8211; B\u00e4rnau 2 &#8211; 94060 Pocking<br>Tel.: +49 (0) 8538 &#8211; 658 oder +49 (0) 8538 &#8211; 9124326<br>e-Mail: putz-alois@t-online.de &#8211; Web: www.ferienhof-fenzl.de<\/p>\n<\/div>\n<\/div>\n<\/div>\n<\/div>\n<\/div>\n<\/div>\n<\/div><\/div>\n","protected":false},"excerpt":{"rendered":"<p>Ihr Ferienhof im Herzen des Rottals Naturerlebnis Bauernhof Nur 7 km von dem bekannten Kurort Bad F\u00fcssing entfernt. L\u00e4ndliches Leben zum Anfassen! Umgeben von Wiesen, \u00c4ckern, Auw\u00e4ldern und Teichen liegt &#8230;<\/p>\n","protected":false},"author":1,"featured_media":0,"parent":0,"menu_order":0,"comment_status":"closed","ping_status":"closed","template":"","meta":{"footnotes":""},"_links":{"self":[{"href":"https:\/\/www.ferienhof-fenzl.de\/index.php\/wp-json\/wp\/v2\/pages\/5"}],"collection":[{"href":"https:\/\/www.ferienhof-fenzl.de\/index.php\/wp-json\/wp\/v2\/pages"}],"about":[{"href":"https:\/\/www.ferienhof-fenzl.de\/index.php\/wp-json\/wp\/v2\/types\/page"}],"author":[{"embeddable":true,"href":"https:\/\/www.ferienhof-fenzl.de\/index.php\/wp-json\/wp\/v2\/users\/1"}],"replies":[{"embeddable":true,"href":"https:\/\/www.ferienhof-fenzl.de\/index.php\/wp-json\/wp\/v2\/comments?post=5"}],"version-history":[{"count":83,"href":"https:\/\/www.ferienhof-fenzl.de\/index.php\/wp-json\/wp\/v2\/pages\/5\/revisions"}],"predecessor-version":[{"id":2569,"href":"https:\/\/www.ferienhof-fenzl.de\/index.php\/wp-json\/wp\/v2\/pages\/5\/revisions\/2569"}],"wp:attachment":[{"href":"https:\/\/www.ferienhof-fenzl.de\/index.php\/wp-json\/wp\/v2\/media?parent=5"}],"curies":[{"name":"wp","href":"https:\/\/api.w.org\/{rel}","templated":true}]}}